{"id":3912,"date":"2020-06-11T14:46:14","date_gmt":"2020-06-11T12:46:14","guid":{"rendered":"https:\/\/www.aubeterresurdronne.com\/?page_id=3912"},"modified":"2020-06-11T14:46:40","modified_gmt":"2020-06-11T12:46:40","slug":"info-mairie","status":"publish","type":"page","link":"https:\/\/www.aubeterresurdronne.com\/?page_id=3912&lang=en","title":{"rendered":"Info Mairie"},"content":{"rendered":"<section class=\"kc-elm kc-css-431468 kc_row\"><div class=\"kc-row-container  kc-container\"><div class=\"kc-wrap-columns\"><div class=\"kc-elm kc-css-6397 kc_col-sm-12 kc_column kc_col-sm-12\"><div class=\"kc-col-container\">\n<div class=\"kc-elm kc-css-764641 kc-animated kc-animate-eff-flash kc-title-wrap \">\n\n\t<h1 class=\"kc_title\">Info Mairie<\/h1>\n<\/div>\n<div class=\"display-posts-listing\"><div class=\"listing-item\"><a class=\"title\" href=\"https:\/\/www.aubeterresurdronne.com\/?p=5467\">APPEL A MANIFESTATION D INT\u00c9RET SPONTAN\u00c9E<\/a> <span class=\"excerpt-dash\">-<\/span> <span class=\"excerpt\">APPEL A MANIFESTATION<\/span><\/div><div class=\"listing-item\"><a class=\"title\" href=\"https:\/\/www.aubeterresurdronne.com\/?p=4931\">Programm\u00e9e d\u2019Am\u00e9lioration de l\u2019habitat<\/a> <span class=\"excerpt-dash\">-<\/span> <span class=\"excerpt\">Programm\u00e9e d\u2019Am\u00e9lioration de l\u2019habitat et de renouvellement urbain. Les propri\u00e9taires occupants ou propri\u00e9taires bailleurs peuvent b\u00e9n\u00e9ficier d\u2019aides financi\u00e8res pour am\u00e9liorer leur habitat. Des permanences de SOLIHA Charente sont organis\u00e9es \u00e0 la mairie. Clique ici pour t\u00e9l\u00e9charger la brochure<\/span><\/div><\/div><div class=\"kc-elm kc-css-757653 kc_text_block\"><\/p>\n<p>\n<\/div><\/div><\/div><\/div><\/div><\/section>\n","protected":false},"excerpt":{"rendered":"","protected":false},"author":1,"featured_media":0,"parent":3910,"menu_order":1,"comment_status":"closed","ping_status":"closed","template":"content-sidebar-page.php","meta":[],"_links":{"self":[{"href":"https:\/\/www.aubeterresurdronne.com\/index.php?rest_route=\/wp\/v2\/pages\/3912"}],"collection":[{"href":"https:\/\/www.aubeterresurdronne.com\/index.php?rest_route=\/wp\/v2\/pages"}],"about":[{"href":"https:\/\/www.aubeterresurdronne.com\/index.php?rest_route=\/wp\/v2\/types\/page"}],"author":[{"embeddable":true,"href":"https:\/\/www.aubeterresurdronne.com\/index.php?rest_route=\/wp\/v2\/users\/1"}],"replies":[{"embeddable":true,"href":"https:\/\/www.aubeterresurdronne.com\/index.php?rest_route=%2Fwp%2Fv2%2Fcomments&post=3912"}],"version-history":[{"count":0,"href":"https:\/\/www.aubeterresurdronne.com\/index.php?rest_route=\/wp\/v2\/pages\/3912\/revisions"}],"up":[{"embeddable":true,"href":"https:\/\/www.aubeterresurdronne.com\/index.php?rest_route=\/wp\/v2\/pages\/3910"}],"wp:attachment":[{"href":"https:\/\/www.aubeterresurdronne.com\/index.php?rest_route=%2Fwp%2Fv2%2Fmedia&parent=3912"}],"curies":[{"name":"wp","href":"https:\/\/api.w.org\/{rel}","templated":true}]}}