{"id":48,"date":"2014-02-06T13:22:16","date_gmt":"2014-02-06T12:22:16","guid":{"rendered":"http:\/\/s513976250.onlinehome.fr\/?page_id=48"},"modified":"2020-06-11T15:04:30","modified_gmt":"2020-06-11T13:04:30","slug":"eglise-saint-jacques","status":"publish","type":"page","link":"https:\/\/www.aubeterresurdronne.com\/?page_id=48","title":{"rendered":"L&rsquo;eglise Saint-Jacques"},"content":{"rendered":"<section class=\"kc-elm kc-css-850269 kc_row\"><div class=\"kc-row-container  kc-container\"><div class=\"kc-wrap-columns\"><div class=\"kc-elm kc-css-809065 kc_col-sm-12 kc_column kc_col-sm-12\"><div class=\"kc-col-container\">\n<div class=\"kc-elm kc-css-180118 kc-title-wrap \">\n\n\t<h3 class=\"kc_title\">L'eglise Saint-Jacques<\/h3>\n<\/div>\n<div class=\"kc-elm kc-css-130822 kc_text_block\"><\/p>\n<h3><a href=\"https:\/\/www.aubeterresurdronne.com\/wp-content\/uploads\/2014\/02\/eglise-saint-jaques3.jpg\"><img decoding=\"async\" class=\"alignright wp-image-989\" src=\"https:\/\/www.aubeterresurdronne.com\/wp-content\/uploads\/2014\/02\/eglise-saint-jaques3.jpg\" alt=\"Eglise St-Jacques Aubeterre\" width=\"376\" height=\"282\" srcset=\"https:\/\/www.aubeterresurdronne.com\/wp-content\/uploads\/2014\/02\/eglise-saint-jaques3.jpg 589w, https:\/\/www.aubeterresurdronne.com\/wp-content\/uploads\/2014\/02\/eglise-saint-jaques3-250x187.jpg 250w, https:\/\/www.aubeterresurdronne.com\/wp-content\/uploads\/2014\/02\/eglise-saint-jaques3-100x75.jpg 100w, https:\/\/www.aubeterresurdronne.com\/wp-content\/uploads\/2014\/02\/eglise-saint-jaques3-150x112.jpg 150w, https:\/\/www.aubeterresurdronne.com\/wp-content\/uploads\/2014\/02\/eglise-saint-jaques3-200x150.jpg 200w, https:\/\/www.aubeterresurdronne.com\/wp-content\/uploads\/2014\/02\/eglise-saint-jaques3-300x225.jpg 300w, https:\/\/www.aubeterresurdronne.com\/wp-content\/uploads\/2014\/02\/eglise-saint-jaques3-450x337.jpg 450w, https:\/\/www.aubeterresurdronne.com\/wp-content\/uploads\/2014\/02\/eglise-saint-jaques3-500x375.jpg 500w, https:\/\/www.aubeterresurdronne.com\/wp-content\/uploads\/2014\/02\/eglise-saint-jaques3-24x18.jpg 24w, https:\/\/www.aubeterresurdronne.com\/wp-content\/uploads\/2014\/02\/eglise-saint-jaques3-36x27.jpg 36w, https:\/\/www.aubeterresurdronne.com\/wp-content\/uploads\/2014\/02\/eglise-saint-jaques3-48x36.jpg 48w\" sizes=\"(max-width: 376px) 100vw, 376px\" \/><\/a><\/h3>\n<p>De la coll\u00e9giale Saint Jacques, consacr\u00e9e en 1171, \u00e9difi\u00e9e pour r\u00e9pondre \u00e0 l&#039;afflux de p\u00e8lerins en route vers Compostelle, ne subsiste que sa fa\u00e7ade richement sculpt\u00e9e. En 1562 , nef, choeur et clocher furent enti\u00e8rement d\u00e9truits lors des guerres de religion.. Sa reconstruction sous sa forme actuelle s&#039;ach\u00e8vera en 1710 seulement. S&#039;inspirant du mod\u00e8le des cath\u00e9drales d&#039;Angoul\u00eame et de Poitiers, l&#039;\u00e9glise va \u00eatre construite de pierre calcaire et sa fa\u00e7ade tripartite de type Saintongeais va faire se rencontrer les multiples influences venues d&#039;orient et d&#039;occident qui font de l&#039;art roman un art de synth\u00e8se.<\/p>\n<ul>\n<li>Influence romaine de l&#039;art de b\u00e2tir en pierre.<\/li>\n<li>Influence mozarabe venue d&#039;Espagne et exprim\u00e9e dans le portail polylob\u00e9 de l&#039;entr\u00e9e.<\/li>\n<li>Influence carolingienne inspir\u00e9e des enluminures, de l&#039;orf\u00e8vrerie.<\/li>\n<li>Influence celte, wisigothe et scandinave riche de d\u00e9cors abstraits.<\/li>\n<li>Influence byzantine rapport\u00e9e des croisades.<\/li>\n<\/ul>\n<p>Les sculptures des chapiteaux , la sym\u00e9trie de la composition, la douceur des arcatures et les multiples symboles illustrant la cosmogonie de pierre qu&#039;elle exprime offrent au regard du p\u00e8lerin et du croyant du XII\u00b0 si\u00e8cle une vision de la beaut\u00e9 du monde cr\u00e9\u00e9 par Dieu. St.Jacques.<\/p>\n<p><a href=\"https:\/\/www.aubeterresurdronne.com\/wp-content\/uploads\/2014\/02\/st-jacques1.jpg\"><img decoding=\"async\" class=\"size-medium wp-image-986 alignleft\" src=\"https:\/\/www.aubeterresurdronne.com\/wp-content\/uploads\/2014\/02\/st-jacques1-250x187.jpg\" alt=\"detail st-jacques aubeterre\" width=\"250\" height=\"187\" srcset=\"https:\/\/www.aubeterresurdronne.com\/wp-content\/uploads\/2014\/02\/st-jacques1-250x187.jpg 250w, https:\/\/www.aubeterresurdronne.com\/wp-content\/uploads\/2014\/02\/st-jacques1-100x75.jpg 100w, https:\/\/www.aubeterresurdronne.com\/wp-content\/uploads\/2014\/02\/st-jacques1-150x112.jpg 150w, https:\/\/www.aubeterresurdronne.com\/wp-content\/uploads\/2014\/02\/st-jacques1-200x150.jpg 200w, https:\/\/www.aubeterresurdronne.com\/wp-content\/uploads\/2014\/02\/st-jacques1-300x225.jpg 300w, https:\/\/www.aubeterresurdronne.com\/wp-content\/uploads\/2014\/02\/st-jacques1-450x337.jpg 450w, https:\/\/www.aubeterresurdronne.com\/wp-content\/uploads\/2014\/02\/st-jacques1-600x450.jpg 600w, https:\/\/www.aubeterresurdronne.com\/wp-content\/uploads\/2014\/02\/st-jacques1-500x375.jpg 500w, https:\/\/www.aubeterresurdronne.com\/wp-content\/uploads\/2014\/02\/st-jacques1-24x18.jpg 24w, https:\/\/www.aubeterresurdronne.com\/wp-content\/uploads\/2014\/02\/st-jacques1-36x27.jpg 36w, https:\/\/www.aubeterresurdronne.com\/wp-content\/uploads\/2014\/02\/st-jacques1-48x36.jpg 48w, https:\/\/www.aubeterresurdronne.com\/wp-content\/uploads\/2014\/02\/st-jacques1.jpg 800w\" sizes=\"(max-width: 250px) 100vw, 250px\" \/><\/a>L&#039;homme m\u00e9di\u00e9val; le plus souvent illettr\u00e9; va lire dans les images et les sculptures polychromes qui sont sa bible, le message spirituel qui m\u00e8ne a son salut. Le zodiaque, les v\u00e9g\u00e9taux, les chim\u00e8res, griffons, basilics et visages humains affront\u00e9s et m\u00eal\u00e9s d\u00e9roulent une alternance de figures symboliques qui nourrissent l&#039;imaginaire , qui interrogent , qui effraient, qui enseignent.<\/p>\n<p>Bien que tronqu\u00e9e, mutil\u00e9e ; sur 18m de long; depuis plus de 8 si\u00e8cles, la page de garde de ce livre de pierre fait se rencontrer le visible et l&#039;invisible sur le chemin de la foi chr\u00e9tienne et nous enrichit la m\u00e9moire d&#039;une splendeur sacr\u00e9e offerte \u00e0 tous.<\/p>\n<p>\n<\/div><\/div><\/div><\/div><\/div><\/section>\n","protected":false},"excerpt":{"rendered":"","protected":false},"author":1,"featured_media":0,"parent":40,"menu_order":4,"comment_status":"closed","ping_status":"closed","template":"full-width-page.php","meta":[],"_links":{"self":[{"href":"https:\/\/www.aubeterresurdronne.com\/index.php?rest_route=\/wp\/v2\/pages\/48"}],"collection":[{"href":"https:\/\/www.aubeterresurdronne.com\/index.php?rest_route=\/wp\/v2\/pages"}],"about":[{"href":"https:\/\/www.aubeterresurdronne.com\/index.php?rest_route=\/wp\/v2\/types\/page"}],"author":[{"embeddable":true,"href":"https:\/\/www.aubeterresurdronne.com\/index.php?rest_route=\/wp\/v2\/users\/1"}],"replies":[{"embeddable":true,"href":"https:\/\/www.aubeterresurdronne.com\/index.php?rest_route=%2Fwp%2Fv2%2Fcomments&post=48"}],"version-history":[{"count":0,"href":"https:\/\/www.aubeterresurdronne.com\/index.php?rest_route=\/wp\/v2\/pages\/48\/revisions"}],"up":[{"embeddable":true,"href":"https:\/\/www.aubeterresurdronne.com\/index.php?rest_route=\/wp\/v2\/pages\/40"}],"wp:attachment":[{"href":"https:\/\/www.aubeterresurdronne.com\/index.php?rest_route=%2Fwp%2Fv2%2Fmedia&parent=48"}],"curies":[{"name":"wp","href":"https:\/\/api.w.org\/{rel}","templated":true}]}}